{"id":68,"date":"2012-03-14T01:00:37","date_gmt":"2012-03-14T00:00:37","guid":{"rendered":"http:\/\/mastercomercioexterior.es\/?page_id=68"},"modified":"2017-03-14T19:03:06","modified_gmt":"2017-03-14T18:03:06","slug":"subvenciones","status":"publish","type":"page","link":"https:\/\/mastercomercioexterior.es\/malaga\/subvenciones\/","title":{"rendered":"Precios"},"content":{"rendered":"<p><img loading=\"lazy\" decoding=\"async\" class=\" wp-image-357 alignright\" title=\"AYUDAS SUBVENCINES\" src=\"https:\/\/mastercomercioexterior.es\/malaga\/wp-content\/uploads\/2012\/03\/AYUDAS-SUBVENCINES-150x150.jpg\" alt=\"subvenciones para la relaizacion de master en malaga\" width=\"203\" height=\"188\" \/><\/p>\n<p><a href=\"https:\/\/mastercomercioexterior.es\/malaga\/wp-content\/uploads\/2012\/03\/Ayudas-y-subvenciones.png\"><a href='#' class='small-button smallblack'>Precio del M\u00e1ster<\/a> <\/a><\/p>\n<p>El precio del Master en Internacionalizaci\u00f3n de Empresas es de 6.970 \u20ac.<\/p>\n<p>El Master dispone de ayudas y subvenciones para empresas y particulares y una financiaci\u00f3n muy flexible.<\/p>\n<p>&nbsp;<\/p>\n<p>&nbsp;<\/p>\n<p>&nbsp;<\/p>\n<a href='#' class='small-button smallblack'>Bonificaciones a Trabajadores &#8211; Fundaci\u00f3n Tripartita<\/a>\n<p>Sistema de Formaci\u00f3n Continua para el Empleo (Orden ministerial TAS\/ 500\/ 2004) hasta un m\u00e1ximo de 5.665,00\u20ac<\/p>\n<p>&nbsp;<\/p>\n<a href='#' class='small-button smallblack'>Becas para Particulares<\/a>\n<p>La C\u00e1mara de Comercio de M\u00e1laga ofrecer\u00e1 para aquellos participantes desempleados que no puedan beneficiarse de alguna de las ayudas anteriores hasta diez Becas del 20% del coste del M\u00e1ster.<\/p>\n<p><a href=\"https:\/\/mastercomercioexterior.es\/malaga\/contacto\/\">\u00a0Solicita m\u00e1s informaci\u00f3n sobre las becas.<\/a><\/p>\n<p>&nbsp;<\/p>\n<a href='#' class='small-button smallblack'>Financiaci\u00f3n<\/a>\n<p>El M\u00e1ster te ofrece la posibilidad de financiarlo a lo largo del a\u00f1o.<\/p>\n<p>Adicionalmente un convenio entre la C\u00e1mara de Comercio de M\u00e1laga y Unicaja facilita financiaci\u00f3n en condiciones ventajosa a los alumnos que deseen cursra el M\u00e1ster. <a title=\"financiacion masters\" href=\"https:\/\/mastercomercioexterior.es\/malaga\/blog\/ayudas-para-financiacion-master\/\">M\u00c1S INFORMACI\u00d3N<\/a><\/p>\n","protected":false},"excerpt":{"rendered":"<p>Consulta las ayudas y subvenciones directas para empresarios, aut\u00f3nomos y particulares para la formaci\u00f3n en materia de internacionalizaci\u00f3n.<\/p>\n","protected":false},"author":1,"featured_media":1023,"parent":0,"menu_order":0,"comment_status":"closed","ping_status":"closed","template":"","meta":{"_et_pb_use_builder":"","_et_pb_old_content":"","_et_gb_content_width":"","footnotes":""},"class_list":["post-68","page","type-page","status-publish","has-post-thumbnail","hentry"],"_links":{"self":[{"href":"https:\/\/mastercomercioexterior.es\/malaga\/wp-json\/wp\/v2\/pages\/68","targetHints":{"allow":["GET"]}}],"collection":[{"href":"https:\/\/mastercomercioexterior.es\/malaga\/wp-json\/wp\/v2\/pages"}],"about":[{"href":"https:\/\/mastercomercioexterior.es\/malaga\/wp-json\/wp\/v2\/types\/page"}],"author":[{"embeddable":true,"href":"https:\/\/mastercomercioexterior.es\/malaga\/wp-json\/wp\/v2\/users\/1"}],"replies":[{"embeddable":true,"href":"https:\/\/mastercomercioexterior.es\/malaga\/wp-json\/wp\/v2\/comments?post=68"}],"version-history":[{"count":0,"href":"https:\/\/mastercomercioexterior.es\/malaga\/wp-json\/wp\/v2\/pages\/68\/revisions"}],"wp:featuredmedia":[{"embeddable":true,"href":"https:\/\/mastercomercioexterior.es\/malaga\/wp-json\/wp\/v2\/media\/1023"}],"wp:attachment":[{"href":"https:\/\/mastercomercioexterior.es\/malaga\/wp-json\/wp\/v2\/media?parent=68"}],"curies":[{"name":"wp","href":"https:\/\/api.w.org\/{rel}","templated":true}]}}