{"id":5304,"date":"2025-05-17T20:30:06","date_gmt":"2025-05-17T18:30:06","guid":{"rendered":"https:\/\/mastercomercioexterior.es\/malaga\/?page_id=5304"},"modified":"2025-05-18T19:43:48","modified_gmt":"2025-05-18T17:43:48","slug":"red-alumni","status":"publish","type":"page","link":"https:\/\/mastercomercioexterior.es\/malaga\/red-alumni\/","title":{"rendered":"Red Alumni"},"content":{"rendered":"<p>[et_pb_section fb_built=\u00bb1&#8243; fullwidth=\u00bbon\u00bb _builder_version=\u00bb4.27.4&#8243; _module_preset=\u00bbdefault\u00bb global_colors_info=\u00bb{}\u00bb][et_pb_fullwidth_header title=\u00bbRed Alumni\u00bb subhead=\u00bb Red de alumni  &#8211; Conexiones empresariales &#8211; Oportunidades Laborales\u00bb text_orientation=\u00bbcenter\u00bb _builder_version=\u00bb4.27.4&#8243; _module_preset=\u00bbdefault\u00bb background_color=\u00bb#ad2418&#8243; global_colors_info=\u00bb{}\u00bb][\/et_pb_fullwidth_header][\/et_pb_section][et_pb_section fb_built=\u00bb1&#8243; _builder_version=\u00bb4.27.4&#8243; _module_preset=\u00bbdefault\u00bb global_colors_info=\u00bb{}\u00bb][et_pb_row _builder_version=\u00bb4.27.4&#8243; _module_preset=\u00bbdefault\u00bb global_colors_info=\u00bb{}\u00bb][et_pb_column type=\u00bb4_4&#8243; _builder_version=\u00bb4.27.4&#8243; _module_preset=\u00bbdefault\u00bb global_colors_info=\u00bb{}\u00bb][et_pb_text _builder_version=\u00bb4.27.4&#8243; _module_preset=\u00bbdefault\u00bb hover_enabled=\u00bb0&#8243; global_colors_info=\u00bb{}\u00bb sticky_enabled=\u00bb0&#8243;]<\/p>\n<p data-sourcepos=\"3:1-3:137\"><strong>Impulsa tu futuro a trav\u00e9s de la Red de Alumni y conexiones empresariales de la Escuela de Negocios de la C\u00e1mara Oficial de Comercio de M\u00e1laga<\/strong><\/p>\n<p data-sourcepos=\"5:1-5:295\">Desde la direcci\u00f3n del M\u00e1ster en Comercio Exterior de la C\u00e1mara de Comercio creemos firmemente que el aprendizaje y el crecimiento no terminan al graduarse, es por ello que apostamos por una poderosa red de alumni y conexiones empresariales dise\u00f1ada para ser un motor continuo de oportunidades y desarrollo para nuestros egresados.<\/p>\n<p data-sourcepos=\"7:1-7:171\">Por todo ello desde la direcci\u00f3n estamos atento a todas las <em><strong><a href=\"https:\/\/mastercomercioexterior.es\/malaga\/oportunidades-laborales\/\" target=\"_blank\" rel=\"noopener\">oportunidades laborales<\/a><\/strong><\/em> en comercio exterior, las iniciativas y ofertas que nos facilitan\u00a0 la C\u00e1mara de Comercio, un referente clave en la internacionalizaci\u00f3n de empresas. Nuestro objetivo es canalizar activamente estas oportunidades hacia nuestra valiosa red de alumni, brind\u00e1ndote acceso preferente a un mercado global en constante expansi\u00f3n.<\/p>\n<p data-sourcepos=\"7:1-7:171\">Descubre nuevas oportunidades laborales, colaboraciones y proyectos empresariales a trav\u00e9s de contactos valiosos. Nuestras conexiones empresariales van m\u00e1s all\u00e1 de las empresas a nivel local o provincial,\u00a0 gracias al\u00a0<strong>Hub de Exportaci\u00f3n,<\/strong> agrupaci\u00f3n profesional de empresas exportadoras, junto con los fruct\u00edferos acuerdos de colaboraci\u00f3n que la C\u00e1mara establece a trav\u00e9s de sus misiones comerciales y con la red de c\u00e1maras de comercio\u00a0 en el exterior, fortalecemos nuestra red de contactos.<\/p>\n<p data-sourcepos=\"22:1-22:206\">Tu \u00e9xito es nuestra prioridad. Nuestra red de alumni y conexiones empresariales son un activo invaluable que te acompa\u00f1ar\u00e1 a lo largo de tu carrera profesional.<\/p>\n<p>[\/et_pb_text][\/et_pb_column][\/et_pb_row][et_pb_row column_structure=\u00bb1_2,1_2&#8243; _builder_version=\u00bb4.27.4&#8243; _module_preset=\u00bbdefault\u00bb global_colors_info=\u00bb{}\u00bb][et_pb_column type=\u00bb1_2&#8243; _builder_version=\u00bb4.27.4&#8243; _module_preset=\u00bbdefault\u00bb global_colors_info=\u00bb{}\u00bb][et_pb_blog posts_number=\u00bb40&#8243; include_categories=\u00bb222&#8243; _builder_version=\u00bb4.27.4&#8243; _module_preset=\u00bbdefault\u00bb global_colors_info=\u00bb{}\u00bb][\/et_pb_blog][\/et_pb_column][et_pb_column type=\u00bb1_2&#8243; _builder_version=\u00bb4.27.4&#8243; _module_preset=\u00bbdefault\u00bb global_colors_info=\u00bb{}\u00bb][et_pb_blog include_categories=\u00bb331&#8243; show_content=\u00bbon\u00bb show_date=\u00bboff\u00bb show_categories=\u00bboff\u00bb show_pagination=\u00bboff\u00bb _builder_version=\u00bb4.27.4&#8243; _module_preset=\u00bbdefault\u00bb global_colors_info=\u00bb{}\u00bb][\/et_pb_blog][\/et_pb_column][\/et_pb_row][et_pb_row _builder_version=\u00bb4.27.4&#8243; _module_preset=\u00bbdefault\u00bb global_colors_info=\u00bb{}\u00bb][et_pb_column type=\u00bb4_4&#8243; _builder_version=\u00bb4.27.4&#8243; _module_preset=\u00bbdefault\u00bb global_colors_info=\u00bb{}\u00bb][et_pb_post_title _builder_version=\u00bb4.27.4&#8243; _module_preset=\u00bbdefault\u00bb global_colors_info=\u00bb{}\u00bb][\/et_pb_post_title][\/et_pb_column][\/et_pb_row][\/et_pb_section]<\/p>\n","protected":false},"excerpt":{"rendered":"<p>Impulsa tu futuro a trav\u00e9s de la Red de Alumni y conexiones empresariales de la Escuela de Negocios de la C\u00e1mara Oficial de Comercio de M\u00e1laga Desde la direcci\u00f3n del M\u00e1ster en Comercio Exterior de la C\u00e1mara de Comercio creemos firmemente que el aprendizaje y el crecimiento no terminan al graduarse, es por ello que [&hellip;]<\/p>\n","protected":false},"author":10,"featured_media":0,"parent":0,"menu_order":0,"comment_status":"closed","ping_status":"closed","template":"","meta":{"_et_pb_use_builder":"on","_et_pb_old_content":"","_et_gb_content_width":"","footnotes":""},"class_list":["post-5304","page","type-page","status-publish","hentry"],"_links":{"self":[{"href":"https:\/\/mastercomercioexterior.es\/malaga\/wp-json\/wp\/v2\/pages\/5304","targetHints":{"allow":["GET"]}}],"collection":[{"href":"https:\/\/mastercomercioexterior.es\/malaga\/wp-json\/wp\/v2\/pages"}],"about":[{"href":"https:\/\/mastercomercioexterior.es\/malaga\/wp-json\/wp\/v2\/types\/page"}],"author":[{"embeddable":true,"href":"https:\/\/mastercomercioexterior.es\/malaga\/wp-json\/wp\/v2\/users\/10"}],"replies":[{"embeddable":true,"href":"https:\/\/mastercomercioexterior.es\/malaga\/wp-json\/wp\/v2\/comments?post=5304"}],"version-history":[{"count":8,"href":"https:\/\/mastercomercioexterior.es\/malaga\/wp-json\/wp\/v2\/pages\/5304\/revisions"}],"predecessor-version":[{"id":5323,"href":"https:\/\/mastercomercioexterior.es\/malaga\/wp-json\/wp\/v2\/pages\/5304\/revisions\/5323"}],"wp:attachment":[{"href":"https:\/\/mastercomercioexterior.es\/malaga\/wp-json\/wp\/v2\/media?parent=5304"}],"curies":[{"name":"wp","href":"https:\/\/api.w.org\/{rel}","templated":true}]}}