{"id":44,"date":"2012-03-13T23:01:26","date_gmt":"2012-03-13T22:01:26","guid":{"rendered":"http:\/\/mastercomercioexterior.es\/?page_id=44"},"modified":"2024-10-08T08:19:16","modified_gmt":"2024-10-08T06:19:16","slug":"contacto","status":"publish","type":"page","link":"https:\/\/mastercomercioexterior.es\/malaga\/contacto\/","title":{"rendered":"Contacto"},"content":{"rendered":"<p>[et_pb_section fb_built=\u00bb1&#8243; admin_label=\u00bbsection\u00bb _builder_version=\u00bb4.16&#8243; global_colors_info=\u00bb{}\u00bb][et_pb_row admin_label=\u00bbrow\u00bb _builder_version=\u00bb4.16&#8243; background_size=\u00bbinitial\u00bb background_position=\u00bbtop_left\u00bb background_repeat=\u00bbrepeat\u00bb global_colors_info=\u00bb{}\u00bb][et_pb_column type=\u00bb4_4&#8243; _builder_version=\u00bb4.16&#8243; custom_padding=\u00bb|||\u00bb global_colors_info=\u00bb{}\u00bb custom_padding__hover=\u00bb|||\u00bb][et_pb_text admin_label=\u00bbText\u00bb _builder_version=\u00bb4.27.0&#8243; background_size=\u00bbinitial\u00bb background_position=\u00bbtop_left\u00bb background_repeat=\u00bbrepeat\u00bb hover_enabled=\u00bb0&#8243; global_colors_info=\u00bb{}\u00bb sticky_enabled=\u00bb0&#8243;]<\/p>\n<p style=\"text-align: center;\"><a title=\"presinscripciones master comercio exterior\" href=\"https:\/\/mastercomercioexterior.es\/malaga\/formulario-evaluacion-candidatos\/\" target=\"_blank\" rel=\"noopener\">PRE-INSCRIPIONES<\/a><\/p>\n<p style=\"text-align: center;\"><strong>MIE M\u00c1LAGA &#8211; CAMARA COMERCIO M\u00c1LAGA<\/strong><\/p>\n<p style=\"text-align: center;\">Escuela Formaci\u00f3n C\u00e1mara de Comerico de M\u00e1laga, info@mastercomercioexterior.es<\/p>\n<p style=\"text-align: justify;\"><span style=\"color: #808080;\">Aviso Legal &#8211; Protecci\u00f3n de Datos<\/span><\/p>\n<p style=\"text-align: justify;\"><span style=\"color: #808080;\">De conformidad con la Ley Org\u00e1nica 15\/1999 de 13 de diciembre de Protecci\u00f3n de Datos de Car\u00e1cter Personal (LOPD), los datos suministrados por el Usuario quedar\u00e1n incorporados en un fichero automatizado, el cual ser\u00e1 procesado exclusivamente para la finalidad descrita. Estos se recoger\u00e1n a trav\u00e9s de los mecanismos correspondientes, los cuales solo contendr\u00e1n los campos imprescindibles para poder prestar el servicio requerido por el Usuario. Los datos de car\u00e1cter personal ser\u00e1n tratados con el grado de protecci\u00f3n adecuado, seg\u00fan el Real Decreto 994\/1999 de 11 de junio, tom\u00e1ndose las medidas de seguridad necesarias para evitar su alteraci\u00f3n, p\u00e9rdida, tratamiento o acceso no autorizado por parte de terceros que lo puedan utilizar para finalidades distintas para las que han sido solicitados al Usuario. Los datos de car\u00e1cter personal objeto del tratamiento automatizado s\u00f3lo podr\u00e1n ser cedidos, seg\u00fan consta en el art\u00edculo 11 de la Ley Org\u00e1nica 15\/1999 de 13 de diciembre, para el cumplimiento de fines directamente relacionados con las funciones leg\u00edtimas del cedente y del cesionario con el previo consentimiento del afectado.<\/span><\/p>\n<p>[\/et_pb_text][\/et_pb_column][\/et_pb_row][\/et_pb_section]<\/p>\n","protected":false},"excerpt":{"rendered":"<p>PRE-INSCRIPIONES MIE M\u00c1LAGA &#8211; CAMARA COMERCIO M\u00c1LAGA Escuela Formaci\u00f3n C\u00e1mara de Comerico de M\u00e1laga, info@mastercomercioexterior.es Aviso Legal &#8211; Protecci\u00f3n de Datos De conformidad con la Ley Org\u00e1nica 15\/1999 de 13 de diciembre de Protecci\u00f3n de Datos de Car\u00e1cter Personal (LOPD), los datos suministrados por el Usuario quedar\u00e1n incorporados en un fichero automatizado, el cual ser\u00e1 [&hellip;]<\/p>\n","protected":false},"author":1,"featured_media":0,"parent":0,"menu_order":0,"comment_status":"closed","ping_status":"closed","template":"","meta":{"_et_pb_use_builder":"on","_et_pb_old_content":"[contact-form-7 id=\"239\" title=\"Formulario de contacto 1\"]\r\n\r\n<a title=\"presinscripciones master comercio exterior\" href=\"http:\/\/mastercomercioexterior.es\/malaga\/pre-inscripcion-master-mie\/\" target=\"_blank\">PRE-INSCRIPIONES<\/a>\r\n<p style=\"text-align: center;\"><strong>MIE M\u00c1LAGA - CAMARA COMERCIO M\u00c1LAGA<\/strong><\/p>\r\n<p style=\"text-align: center;\">Escuela Formaci\u00f3n C\u00e1mara de Comerico de M\u00e1laga, \u00a0C\/ Pedro de Toledo n\u00ba 1 - 5\u00aa planta info@mastercomercioexterior.es<\/p>\r\n<p style=\"text-align: justify;\"><span style=\"color: #808080;\">Aviso Legal - Protecci\u00f3n de Datos<\/span><\/p>\r\n<p style=\"text-align: justify;\"><span style=\"color: #808080;\">De conformidad con la Ley Org\u00e1nica 15\/1999 de 13 de diciembre de Protecci\u00f3n de Datos de Car\u00e1cter Personal (LOPD), los datos suministrados por el Usuario quedar\u00e1n incorporados en un fichero automatizado, el cual ser\u00e1 procesado exclusivamente para la finalidad descrita. Estos se recoger\u00e1n a trav\u00e9s de los mecanismos correspondientes, los cuales solo contendr\u00e1n los campos imprescindibles para poder prestar el servicio requerido por el Usuario. Los datos de car\u00e1cter personal ser\u00e1n tratados con el grado de protecci\u00f3n adecuado, seg\u00fan el Real Decreto 994\/1999 de 11 de junio, tom\u00e1ndose las medidas de seguridad necesarias para evitar su alteraci\u00f3n, p\u00e9rdida, tratamiento o acceso no autorizado por parte de terceros que lo puedan utilizar para finalidades distintas para las que han sido solicitados al Usuario. Los datos de car\u00e1cter personal objeto del tratamiento automatizado s\u00f3lo podr\u00e1n ser cedidos, seg\u00fan consta en el art\u00edculo 11 de la Ley Org\u00e1nica 15\/1999 de 13 de diciembre, para el cumplimiento de fines directamente relacionados con las funciones leg\u00edtimas del cedente y del cesionario con el previo consentimiento del afectado.<\/span><\/p>","_et_gb_content_width":"","footnotes":""},"class_list":["post-44","page","type-page","status-publish","hentry"],"_links":{"self":[{"href":"https:\/\/mastercomercioexterior.es\/malaga\/wp-json\/wp\/v2\/pages\/44","targetHints":{"allow":["GET"]}}],"collection":[{"href":"https:\/\/mastercomercioexterior.es\/malaga\/wp-json\/wp\/v2\/pages"}],"about":[{"href":"https:\/\/mastercomercioexterior.es\/malaga\/wp-json\/wp\/v2\/types\/page"}],"author":[{"embeddable":true,"href":"https:\/\/mastercomercioexterior.es\/malaga\/wp-json\/wp\/v2\/users\/1"}],"replies":[{"embeddable":true,"href":"https:\/\/mastercomercioexterior.es\/malaga\/wp-json\/wp\/v2\/comments?post=44"}],"version-history":[{"count":2,"href":"https:\/\/mastercomercioexterior.es\/malaga\/wp-json\/wp\/v2\/pages\/44\/revisions"}],"predecessor-version":[{"id":5198,"href":"https:\/\/mastercomercioexterior.es\/malaga\/wp-json\/wp\/v2\/pages\/44\/revisions\/5198"}],"wp:attachment":[{"href":"https:\/\/mastercomercioexterior.es\/malaga\/wp-json\/wp\/v2\/media?parent=44"}],"curies":[{"name":"wp","href":"https:\/\/api.w.org\/{rel}","templated":true}]}}