{"id":1201,"date":"2014-06-02T09:54:08","date_gmt":"2014-06-02T07:54:08","guid":{"rendered":"http:\/\/mastercomercioexterior.es\/malaga\/?page_id=1201"},"modified":"2021-05-27T19:09:28","modified_gmt":"2021-05-27T17:09:28","slug":"metodologia-del-master","status":"publish","type":"page","link":"https:\/\/mastercomercioexterior.es\/malaga\/metodologia-del-master\/","title":{"rendered":"Metodolog\u00eda del M\u00e1ster"},"content":{"rendered":"<p>[et_pb_section fb_built=\u00bb1&#8243; _builder_version=\u00bb3.22&#8243;][et_pb_row _builder_version=\u00bb4.9.4&#8243; _module_preset=\u00bbdefault\u00bb][et_pb_column _builder_version=\u00bb4.9.4&#8243; _module_preset=\u00bbdefault\u00bb type=\u00bb4_4&#8243;][et_pb_text _builder_version=\u00bb4.9.4&#8243; _module_preset=\u00bbdefault\u00bb hover_enabled=\u00bb0&#8243; sticky_enabled=\u00bb0&#8243;][\/et_pb_text][et_pb_image src=\u00bbhttps:\/\/mastercomercioexterior.es\/malaga\/wp-content\/uploads\/2014\/06\/metodologia-master.jpg\u00bb align_tablet=\u00bbcenter\u00bb align_phone=\u00bb\u00bb align_last_edited=\u00bbon|desktop\u00bb admin_label=\u00bbImage\u00bb _builder_version=\u00bb3.23&#8243; animation_direction=\u00bbleft\u00bb][\/et_pb_image][et_pb_text _builder_version=\u00bb4.9.4&#8243; _module_preset=\u00bbdefault\u00bb hover_enabled=\u00bb0&#8243; sticky_enabled=\u00bb0&#8243;]<\/p>\n<h3>\u00a0<span style=\"color: #a51014;\">Metodolog\u00eda<\/span><\/h3>\n<p>El M\u00e1ster Internacional en Empresas desarrolla una formaci\u00f3n eminentemente pr\u00e1ctica, basada en la resoluci\u00f3n de situaciones reales de empresas y casos pr\u00e1cticos que ir\u00e1n adquiriendo mayor complejidad a medida que avanza el\u00a0M\u00e1ster.<\/p>\n<p>Por otra parte se desarrollar\u00e1n trabajos complementarios de forma individual y en grupo con el objetivo de lograr el intercambio de experiencias y potenciar las capacidades de los estudiantes.<\/p>\n<p>Los docentes llevan a cabo evaluaciones continuas.<\/p>\n<p>Los estudiantes tienen siempre a su disposici\u00f3n un tutor para atender sus dudas o consultas y una plataforma online que facilita la interacci\u00f3n entre los participantes.<\/p>\n<p>Adem\u00e1s, al estudiante se le exige la realizaci\u00f3n del Proyecto Final de Internacionalizaci\u00f3n, que permite la aplicaci\u00f3n pr\u00e1ctica de los conocimientos que se van adquiriendo durante el curso.<\/p>\n<p><span style=\"color: #666666;\">El M\u00e1ster sigue una pol\u00edtica de papel cero, favoreciendo as\u00ed una mayor atenci\u00f3n de los participantes, siendo a su vez una medida de responsabilidad ambiental.<\/span><\/p>\n<p>[\/et_pb_text][\/et_pb_column][\/et_pb_row][et_pb_row _builder_version=\u00bb4.9.4&#8243; _module_preset=\u00bbdefault\u00bb custom_padding=\u00bb||3px|||\u00bb][et_pb_column _builder_version=\u00bb4.9.4&#8243; _module_preset=\u00bbdefault\u00bb type=\u00bb4_4&#8243;][et_pb_text _builder_version=\u00bb4.9.4&#8243; _module_preset=\u00bbdefault\u00bb hover_enabled=\u00bb0&#8243; sticky_enabled=\u00bb0&#8243; background_color=\u00bbRGBA(0,0,0,0)\u00bb custom_margin=\u00bb||1px|||\u00bb]<\/p>\n<h3><span style=\"color: #a51014;\">Casos pr\u00e1cticos<\/span><\/h3>\n<p>Cada modulo lleva aparejado diversos casos\u00a0pr\u00e1cticos\u00a0basados en empresas reales.<\/p>\n<p>Adicionalmente\u00a0todos los\u00a0m\u00f3dulos\u00a0se trabajar\u00e1n en el proyecto fin de\u00a0M\u00e1ster.<\/p>\n<p>Este proyecto consistir\u00e1 en la realizaci\u00f3n de un Plan Estrat\u00e9gico de Internacionalizaci\u00f3n de una empresa, el cual se realizar\u00e1 por grupos, sectores y mercados en funci\u00f3n del perfil de los alumnos participantes.<\/p>\n<p>[\/et_pb_text][\/et_pb_column][\/et_pb_row][et_pb_row _builder_version=\u00bb4.9.4&#8243; _module_preset=\u00bbdefault\u00bb custom_padding=\u00bb0px|||||\u00bb][et_pb_column _builder_version=\u00bb4.9.4&#8243; _module_preset=\u00bbdefault\u00bb type=\u00bb4_4&#8243;][et_pb_text _builder_version=\u00bb4.9.4&#8243; _module_preset=\u00bbdefault\u00bb hover_enabled=\u00bb0&#8243; sticky_enabled=\u00bb0&#8243;]<\/p>\n<p>&nbsp;<\/p>\n<h3><span style=\"color: #a51014;\">Menci\u00f3n especial<\/span><\/h3>\n<p>Con el objeto de fomentar el esfuerzo individual y colectivo, la Direcci\u00f3n Acad\u00e9mica y la C\u00e1mara de Comercio de M\u00e1laga\u00a0otorgar\u00e1n una\u00a0menci\u00f3n especial\u00a0al\u00a0alumno que mayor puntuaci\u00f3n logre en el desarrollo del\u00a0M\u00e1ster.<\/p>\n<p>[\/et_pb_text][\/et_pb_column][\/et_pb_row][et_pb_row _builder_version=\u00bb4.9.4&#8243; _module_preset=\u00bbdefault\u00bb hover_enabled=\u00bb0&#8243; sticky_enabled=\u00bb0&#8243; background_color=\u00bbRGBA(0,0,0,0)\u00bb][et_pb_column _builder_version=\u00bb4.9.4&#8243; _module_preset=\u00bbdefault\u00bb type=\u00bb4_4&#8243;][et_pb_text _builder_version=\u00bb4.9.4&#8243; _module_preset=\u00bbdefault\u00bb hover_enabled=\u00bb0&#8243; sticky_enabled=\u00bb0&#8243;]<\/p>\n<h3><span style=\"color: #a51014;\">Talleres t\u00e9cnicos<\/span><\/h3>\n<p>Durante el\u00a0M\u00e1ster\u00a0se impartir\u00e1n diversas ponencias relacionadas con la Internacionalizaci\u00f3n, por ejemplo de empresas internacionalizadas como de instituciones y entidades p\u00fablicas, traders, directivos, etc.<\/p>\n<p>Adem\u00e1s se realizar\u00e1n talleres t\u00e9cnicos sobre mercados emergentes y otros temas de actualidad en el comercio internacional.<\/p>\n<p>[\/et_pb_text][\/et_pb_column][\/et_pb_row][\/et_pb_section]<\/p>\n","protected":false},"excerpt":{"rendered":"<p>\u00a0Metodolog\u00eda El M\u00e1ster Internacional en Empresas desarrolla una formaci\u00f3n eminentemente pr\u00e1ctica, basada en la resoluci\u00f3n de situaciones reales de empresas y casos pr\u00e1cticos que ir\u00e1n adquiriendo mayor complejidad a medida que avanza el\u00a0M\u00e1ster. Por otra parte se desarrollar\u00e1n trabajos complementarios de forma individual y en grupo con el objetivo de lograr el intercambio de experiencias [&hellip;]<\/p>\n","protected":false},"author":2,"featured_media":0,"parent":0,"menu_order":0,"comment_status":"closed","ping_status":"closed","template":"","meta":{"_et_pb_use_builder":"on","_et_pb_old_content":"","_et_gb_content_width":"","footnotes":""},"class_list":["post-1201","page","type-page","status-publish","hentry"],"_links":{"self":[{"href":"https:\/\/mastercomercioexterior.es\/malaga\/wp-json\/wp\/v2\/pages\/1201","targetHints":{"allow":["GET"]}}],"collection":[{"href":"https:\/\/mastercomercioexterior.es\/malaga\/wp-json\/wp\/v2\/pages"}],"about":[{"href":"https:\/\/mastercomercioexterior.es\/malaga\/wp-json\/wp\/v2\/types\/page"}],"author":[{"embeddable":true,"href":"https:\/\/mastercomercioexterior.es\/malaga\/wp-json\/wp\/v2\/users\/2"}],"replies":[{"embeddable":true,"href":"https:\/\/mastercomercioexterior.es\/malaga\/wp-json\/wp\/v2\/comments?post=1201"}],"version-history":[{"count":2,"href":"https:\/\/mastercomercioexterior.es\/malaga\/wp-json\/wp\/v2\/pages\/1201\/revisions"}],"predecessor-version":[{"id":4601,"href":"https:\/\/mastercomercioexterior.es\/malaga\/wp-json\/wp\/v2\/pages\/1201\/revisions\/4601"}],"wp:attachment":[{"href":"https:\/\/mastercomercioexterior.es\/malaga\/wp-json\/wp\/v2\/media?parent=1201"}],"curies":[{"name":"wp","href":"https:\/\/api.w.org\/{rel}","templated":true}]}}